7 - (1 - 9) - 4.
-3
What is the value of -1 + 1 - (5 + -5 + -4)?
4
What is the value of 10 + -1 + (-12 - -6)?
3
Calculate -1 + -1 - -12 - 3.
7
-40 - -47 - (6 - 0)
1
What is the value of 5 + 0 + -2 + -3 - 2?
-2
What is the value of (-7 - 7) + (5 - -3)?
-6
8 - (1 + (-6 - -3)) - 5
5
What is the value of 6 - (1 - (1 + -3 - -2))?
5
What is 2 + (-6 - -3) - 4?
-5
What is -3 - (-6 + 3 + 1) - 0?
-1
What is (1 - 1) + 0 + 99 + -96?
3
What is the value of 1 + 16 + -7 + -4?
6
0 - ((10 - 3) + 1 + -1)
-7
Calculate ((-3 - 7) + 1 - -8) + 1.
0
What is the value of (22 - 21) + (-6 - -3) + 0?
-2
What is the value of 3 - (8 - (7 - 7))?
-5
Evaluate 2 + (4 + -2 + -7 - -6).
3
-1 + 8 + (7 - 17)
-3
What is the value of (-3 - -5) + -2 + 2 - 3?
-1
What is the value of (5 - (7 + -4 + -2)) + 4?
8
Calculate -1 - -1 - (-2 - -6).
-4
(47 - 41) + 2 + -6 + 1
3
Calculate 3 - ((0 - 1) + (32 - 27)).
-1
What is the value of 18 + -15 + -8 - (-1 + 0)?
-4
Calculate 1 + 1 + -1 + -5 + 2.
-2
Evaluate 6 + -5 + 0 + 1.
2
Calculate (-4 - (-2 - -12)) + 7 + -1.
-8
Evaluate (3 - (-5 - -11)) + 2.
-1
-6 + 18 - ((-4 - -3) + 5)
8
-70 + 70 - ((-6 - 3) + 2)
7
What is -158 - -162 - (9 + 0)?
-5
Calculate 4 + 0 - (12 - (1 - -1)).
-6
Evaluate -1 + 4 + (3 - 4) + 7.
9
Evaluate (-4 - -1) + 2 + (0 - -2).
1
Evaluate (3 - 2) + 2 + 0 + -4.
-1
-2 + 2 + -2 - -8
6
Evaluate 0 + (11 - 3) - (1 + 1).
6
Calculate (14 + -2 - 13) + (6 - 0).
5
Evaluate 3 + (-3 - (-2 - 0)) + 0.
2
Evaluate -3 - (-1 + -3 + 8 - 5).
-2
Calculate -14 + -9 + 7 + 6.
-10
What is (0 - 1) + (-1 - (-3 - 0))?
1
What is the value of 0 + -6 + -3 - (3 + -4)?
-8
Evaluate 0 - 2 - (77 - 85).
6
6 + 0 + 18 + -30
-6
0 + (3 - (3 - 3))
3
What is -1 - (7 + -1) - (-5 - -5)?
-7
Evaluate -29 - -23 - (-1 + 0).
-5
What is the value of 0 + 0 + 2 + -1?
1
What is 6 + -6 + (0 - -3)?
3
80 + -68 + -10 + 1
3
What is 21 + -16 - (-1 - (-3 + -3))?
0
Calculate 6 - (-1 + 11 - 6).
2
What is the value of -3 + 1 - -2 - 2?
-2
What is the value of -1 + 2 + (3 - 3)?
1
Evaluate (-4 - (-11 + 21)) + 7.
-7
Calculate 4 + 0 + -8 + 5.
1
Evaluate 6 + -7 + (-2 - -3) - 5.
-5
Evaluate 3 + (0 - 5 - -7).
5
Calculate -16 - ((4 - -1) + -18).
-3
(-8 - (5 - 5)) + 2 + 1
-5
Calculate 1 + -2 - -8 - 7.
0
Calculate -1 - -4 - (6 - (2 - 2)).
-3
Calculate -2 - (-2 + 1) - (96 + -93).
-4
Evaluate -5 + 8 + -3 - -3.
3
What is the value of (5 - -1) + (76 - 82)?
0
What is 3 - ((2 - 0) + 1)?
0
-2 - (17 + -19 + (1 - -3))
-4
What is the value of 2 - (0 - -1 - -2) - 1?
-2
Evaluate (-12 - 1 - (-6 + 3)) + 4.
-6
What is 8 + 9 + -8 + -3?
6
17 - 21 - (-1 - 8)
5
Evaluate 5 - ((5 - 5) + 6 + -5).
4
Evaluate 1 - 3 - (2 + -4 - 1).
1
Evaluate 2 - (-1 - (3 + -7 + 4)).
3
Calculate -4 + 3 + -1 + -1.
-3
Evaluate (-20 - -23) + (3 - 1 - 2).
3
What is 5 - (8 + -14 - -10)?
1
Evaluate 3 - (-3 - -2 - (1 - 8)).
-3
(19 - 21) + 5 + 1
4
(9 - (16 - 6)) + 6
5
16 + -21 + (0 - 0)
-5
Evaluate (3 - (3 + -3) - 9) + 4.
-2
What is the value of 1 - 1 - (3 + -6 - 2)?
5
Calculate 5 + -7 + (-3 - -6) + 2.
3
Calculate -4 + 6 + 2 - 9.
-5
Evaluate -1 - -4 - (2 + -5 - -5).
1
What is the value of (17 - (4 + -2 - -4)) + -3?
8
Calculate 6 + (6 + (1 - 8) - 1).
4
-18 - -32 - (20 + -3)
-3
Calculate 1 - -4 - (-9 - -8).
6
What is (14 - 9) + (-12 - (-2 + 3))?
-8
What is -2 + (3 - 1) - (-116 + 123)?
-7
-1 - (-1 + 0 + 2 + -1)
-1
What is the value of (4 - 1) + (15 - 7 - 7)?
4
What is the value of -8 - -8 - (5 - 11)?
6
-4 - ((6 - 1) + -5)
-4
What is the value of (3 - (-1 + 0 - -8)) + -1?
-5
What is (3 + -8 - -2) + 8?
5
-30 + 36 - (7 + 1)
-2
What is the value of -3 + 1 + 0 - (2 - 3)?
-1
Calculate -5 + (10 - -1) + 0.
6
Evaluate (-1 - -2 - (-2 - -2)) + 1.
2
Calculate -1 + 1 - (2 + -3).
1
What is the value of 2 + (-2 + 5 - 9)?
-4
What is (-6 - 1 - -6) + 1 + -1?
-1
Calculate -2 + 3 + 4 + -7.
-2
What is -1 + 6 + (-2 - -6) + -7?
2
What is 1 - (4 - -1 - 0)?
-4
What is -4 + 6 - ((-5 - 1) + 14)?
-6
Evaluate -4 - (3 - (-1 + 3 - -5)).
0
What is the value of -1 + 6 + -8 + 4?
1
What is 4 - (-2 + (2 - 1))?
5
2 + -5 + 0 - 0
-3
Calculate -11 - -8 - (-2 - -1 - 1).
-1
Calculate -5 - (0 + (-5 - 2)).
2
1 + (-4 - -1) - 3
-5
-9 + (5 - 2) - (-2 + 2)
-6
Evaluate -13 - -5 - (2 + -5).
-5
What is (4 - 15) + 0 + 5?
-6
Calculate 4 - (1 + 1 - -2).
0
Calculate -3 - (1 - (8 + 1)).
5
What is the value of (2 - 4) + 5 - (6 - 10)?
7
-4 - (6 + -5 + 6 + -2)
-9
What is (-9 - -4 - -6) + -1 + 4?
4
What is 0 + -3 + (3 - 5)?
-5
1 + -1 + (-19 - -16)
-3
What is the value of -8 - (-2 - (3 - 2))?
-5
-9 + 2 - -4 - (4 + -1)
-6
What is (6 - (-5 + -1)) + -6?
6
What is the value of -7 - ((6 - 12) + 4) - -1?
-4
Calculate -1 + -2 + 1 + (-16 - -23).
5
Evaluate -2 - 0 - (-2 - 2).
2
What is (3 - (10 - 5)) + -2 - -10?
6
5 + (-1 - 13) + 11
2
Calculate -1 + (15 - 21) + (10 - 1).
2
What is the value of -10 - -12 - (5 - -3)?
-6
-1 + (5 - 12 - -8)
0
Calculate (-1 - 0) + 27 + -23.
3
-4 - (1 + -1 + 2 + -3)
-3
What is (0 + 6 - 11) + 6?
1
Calculate -4 - (0 - ((-5 - -8) + -5)).
-6
Evaluate 1 - (7 + 5 - 7).
-4
Calculate -26 + -10 + 4 + 21.
-11
What is -6 - -8 - (-3 + 0)?
5
What is -8 + -3 - (-4 + 5 - 3)?
-9
-4 - (8 + (6 - 23))
5
Evaluate 22 - 39 - (-9 + 2).
-10
Evaluate 3 + (-9 - (8 - 17)).
3
Evaluate 13 - 7 - (-1 - (1 + 0)).
8
-3 - (-4 - (-1 + -5)) - -3
-2
-6 - -5 - 0 - (7 + -1)
-7
What is -5 + 2 + 6 - (5 + 3)?
-5
-4 + (5 - (1 + 1))
-1
What is -7 + (3 + 9 - 3) + -5?
-3
What is the value of -10 - 1 - (-5 - 1)?
-5
6 + -4 + 1 + 2
5
Calculate 2 - -2 - (3 + (1 - 0)).
0
(-15 - -25) + -22 + 3
-9
What is 2 + 4 + -3 + (3 - 13)?
-7
(-4 - -2 - -1) + 8 + -4
3
Calculate 20 + -20 + 7 + 1.
8
Evaluate 1 + 13 + -10 - 6.
-2
What is the value of (1 - 3) + -1 - -3?
0
What is the value of 6 - 7 - -2 - 2 - -6?
5
Calculate (-3 - -3) + (13 - 8).
5
Evaluate -7 + -1 + 11 - -3.
6
-4 - (-2 - (2 - 1))
-1
Evaluate -3 + 0 + -6 + 7.
-2
What is the value of (0 - 2 - (34 - 32)) + -2?
-6
What is 3 + -5 + -1 + 2 - 1?
-2
What is -2 + -2 + 2 - (-221 - -215)?
4
What is (-2 + (-3 - -8) - 1) + -1?
1
2 - (9 + (4 - 13))
2
Evaluate -4 + 3 + 1 + -13 + 8.
-5
What is 15 - (8 + -10) - 12?
5
What is the value of -6 + 4 - (2 + 0)?
-4
Evaluate 7 + -3 - (0 + 7).
-3
3 + 4 - (-3 - -15)
-5
Evaluate (11 - 12) + 8 - 16.
-9
Calculate 0 - (6 - 3 - (8 - -3)).
8
What is the value of 10 + -1 + (-5 - 4 - -5)?
5
What is -7 - (-11 + -7 - -5)?
6
What is 14 + (-25 - -12) + 3?
4
What is (-4 - -2) + 4 + 3?
5
What is the value of -7 - (5 - -1 - 5)?
-8
What is -41 + 25 + (0 - -7) + 1?
-8
What is the value of (7 - 2) + (15 - 22)?
-2
What is 8 - (-2 - -8 - (15 - 13))?
4
Calculate 5 + 3 + (-5 - (-4 + 12)).
-5
What is 10 + -6 - 9 - (0 + -9)?
4
What is the value of (-24 - (-18 - 3)) + -1 + -1?
-5
What is the value of 8 + -7 - -1 - 7?
-5
What is (2 - 2) + (-5 - (0 - 0))?
-5
What is 6 + 7 + -2 + -8?
3
Evaluate (4 - (1 + -1)) + 1 - 1.
4
3 + (3 - 4) - -1
3
1 - 2 - (5 + -2 + -8)
4
Calculate -6 - -2 - 1 - -4.
-1
What is the value of 6 + 1 + -14 + 11 + -9?
-5
What is the value of 2 + 1 + (0 - 3)?
0
Calculate -12 + 16 + (1 - 0).
5
What is -5 - (-6 + 10 - (-2 + 10))?
-1
What is 2 - (3 - (7 - (6 - 3)))?
3
What is the value of 3 + -4 + (-1 - -1)?
-1
Calculate (-1 - (0 + -4)) + (1 - 3).
1
Evaluate 7 + (-4 - (2 + -4)).
5
Calculate (-2 - 2) + (4 - 0).
0
What is the value of -2 + (4 - 5) + -1?
-4
Calculate (-2 - 2) + (12 - (8 + 11)).
-11
What is -2 + -2 + -6 + 4?
-6
What is the value of 3 - (9 + -1 + -3)?
-2
Calculate -4 + 3 - (7 - 2) - -2.
-4
Evaluate -9 + 0 + 10 + 4.
5
-9 - 0 - -3 - (-2 + -2)
-2
Evaluate (-5 - -9) + (2 - 8) - 0.
-2
8 + -2 + -4 + -3
-1
Calculate 7 + -11 - (1 - 3).
-2
Calculate 1 + (-10 - (-7 - -5)).
-7
What is the value of 5 - (-6 + (8 - 2))?
5
What is 2 + (6 - 7 - 2)?
-1
What is 3 - 5 - (2 + -1)?
-3
1 + 3 - 12 - (0 - 3)
-5
3 + 1 + -8 - 0
-4
0 - -2 - -2 - (31 - 28)
1
-3 + -6 - -6 - -11
8
What is -1 + 5 + (3 - 9)?
-2
What is 1 - (3 + -17 + 10)?
5
What is (1 - -4 - 0) + -10?
-5
What is (-1 - (6 - 14)) + -9 + 3?
1
What is (12 - 17) + 4 + 0 + -1?
-2
14 - (-2 - (-11 + 2))
7
What is the value of (5 - (-3 + (14 - 1))) + 10?
5
What is the value of (-7 - 0) + (48 - 39)?
2
Evaluate 6 - (12 + -4 + 0).
-2
Calculate 2 + 8 - (115 + -111).
6
What is the value of -6 - (-2 - 11 - 1)?
8
Evaluate (-2 - 13 - -9) + 0 + 11.
5
What is (-8 - -6 - 5) + 10?
3
2 - (16 + -10 + 2)
-6
What is 17 + (-13 - (-6 + 6))?
4
Calculate -11 - (-1 - 